) to base 13.
-1181
593 (base 11) to base 14
387
Convert 157534 (base 8) to base 12.
29110
Convert 1010000000110 (base 2) to base 11.
3940
Convert 1d0 (base 16) to base 4.
13100
-50252 (base 6) to base 3
-100000212
What is b56 (base 15) in base 16?
9fc
What is -143223 (base 6) in base 16?
-357f
75 (base 16) to base 5
432
What is -110222 (base 3) in base 15?
-185
24227 (base 8) to base 16
2897
Convert 3022 (base 5) to base 3.
112100
11a (base 16) to base 13
189
What is -434132 (base 6) in base 5?
-2122122
What is -4043 (base 5) in base 8?
-1013
What is -11000110111011 (base 2) in base 12?
-744b
343333 (base 6) to base 13
10440
Convert -52822 (base 10) to base 13.
-1b073
What is -262 (base 11) in base 7?
-622
4768 (base 14) to base 11
938a
Convert a35 (base 11) to base 15.
583
Convert 4371 (base 9) to base 16.
c97
Convert -5d4 (base 15) to base 13.
-7ab
1b3 (base 16) to base 2
110110011
-1102200 (base 3) to base 16
-414
What is -3450 (base 8) in base 11?
-1416
What is 1662 (base 7) in base 3?
221020
Convert 2001110 (base 4) to base 5.
231101
742 (base 12) to base 11
882
-324 (base 5) to base 6
-225
Convert 313133 (base 5) to base 14.
3b22
Convert -6140 (base 8) to base 15.
-e13
What is 131c2 (base 15) in base 5?
3424112
4513 (base 7) to base 15
737
-1518 (base 14) to base 7
-13631
Convert 720 (base 10) to base 8.
1320
What is -100 (base 4) in base 11?
-15
-3410 (base 6) to base 13
-495
What is -45637 (base 8) in base 7?
-110304
-41be (base 15) to base 4
-3121100
What is -466 (base 16) in base 15?
-501
-186a (base 14) to base 3
-20001012
4aaa (base 11) to base 8
14776
62d (base 16) to base 14
80d
2342 (base 6) to base 4
20312
What is 14e0 (base 16) in base 5?
132334
-5f83 (base 16) to base 8
-57603
Convert -170 (base 12) to base 8.
-344
-11051 (base 9) to base 10
-7336
What is -2051 (base 6) in base 11?
-391
-21354 (base 6) to base 15
-d1a
Convert -13b6 (base 13) to base 2.
-101100100101
-44551 (base 7) to base 6
-124041
What is 211202 (base 3) in base 9?
752
-86b (base 14) to base 16
-67f
Convert -20211 (base 3) to base 2.
-10111000
Convert 102010200 (base 3) to base 9.
12120
17d (base 15) to base 2
101010111
What is 1363 (base 13) in base 11?
2102
-6252 (base 9) to base 4
-1013213
What is 1c72 (base 14) in base 13?
2499
-1bb5 (base 16) to base 14
-2829
What is -121143 (base 6) in base 11?
-7aaa
1217 (base 10) to base 6
5345
What is -31323 (base 4) in base 12?
-623
Convert 47646 (base 8) to base 15.
6095
What is 10210112211 (base 3) in base 6?
1334034
Convert -361c (base 14) to base 9.
-13842
What is -1003 (base 4) in base 6?
-151
1e5c (base 15) to base 11
4a71
Convert 113210 (base 4) to base 5.
22013
What is -103302 (base 4) in base 8?
-2362
Convert -5db (base 16) to base 15.
-69e
Convert 6016 (base 7) to base 8.
4027
219 (base 15) to base 9
576
What is -1121 (base 5) in base 12?
-115
-110111011111 (base 2) to base 15
-10bb
-9a9 (base 13) to base 12
-b64
153003 (base 6) to base 16
3a3b
What is 6326 (base 8) in base 13?
165a
-22213 (base 4) to base 2
-1010100111
1013 (base 12) to base 11
1345
Convert 36451 (base 7) to base 3.
111000121
Convert 8090 (base 11) to base 4.
2213323
What is 6475 (base 12) in base 16?
2b19
-6861 (base 12) to base 16
-2d49
11111001000101 (base 2) to base 13
7343
What is 57a2 (base 13) in base 2?
11000000001100
-3134112 (base 5) to base 4
-30302313
-3329 (base 12) to base 14
-20b7
What is 33 (base 13) in base 9?
46
-9032 (base 11) to base 13
-5612
What is 2653 (base 7) in base 3?
1101201
What is -11210110 (base 3) in base 11?
-2698
What is 16842 (base 9) in base 10?
11621
What is 263 (base 16) in base 11?
506
Convert 13130321 (base 4) to base 12.
157b5
Convert 490 (base 14) to base 2.
1110001110
Convert 102020 (base 3) to base 5.
2203
Convert 8c4 (base 14) to base 2.
11011001100
42006 (base 10) to base 2
1010010000010110
What is 1002 (base 13) in base 9?
3013
What is 1332333 (base 4) in base 10?
8127
Convert 400 (base 11) to base 5.
3414
404102 (base 5) to base 4
3023203
What is dea6 (base 16) in base 12?
28b9a
Convert 36 (base 11) to base 9.
43
Convert -3300 (base 4) to base 5.
-1430
What is -8302 (base 9) in base 6?
-44045
Convert -60845 (base 10) to base 13.
-21905
40a (base 12) to base 5
4321
Convert -4b3 (base 12) to base 11.
-597
What is -1014 (base 7) in base 16?
-162
What is -2126 (base 16) in base 9?
-12568
Convert 4404 (base 5) to base 2.
1001011100
What is 32123 (base 6) in base 11?
3314
-1203 (base 4) to base 14
-71
What is -10a5 (base 16) in base 5?
-114021
Convert ca69 (base 13) to base 14.
a381
What is 1147 (base 8) in base 7?
1536
What is 1231a (base 11) in base 14?
6635
Convert -3645 (base 7) to base 2.
-10101001100
-1032013 (base 4) to base 14
-1b71
763 (base 16) to base 15
861
212 (base 9) to base 10
173
What is 990 (base 12) in base 5?
21104
101101111010111 (base 2) to base 5
1223021
Convert -206 (base 11) to base 7.
-503
-1506 (base 9) to base 16
-474
32310202 (base 4) to base 2
1110110100100010
127617 (base 8) to base 13
175c2
What is 2c8 (base 15) in base 2?
1001111110
-12212 (base 4) to base 7
-1142
Convert 31da (base 14) to base 8.
20654
Convert -524 (base 6) to base 15.
-d1
What is -1067 (base 12) in base 9?
-2427
2657 (base 10) to base 16
a61
What is 11011010100 (base 2) in base 4?
123110
Convert 11101011011 (base 2) to base 4.
131123
What is -20a8 (base 16) in base 6?
-102412
Convert -1d40 (base 15) to base 7.
-24354
-452 (base 16) to base 2
-10001010010
671 (base 13) to base 8
2122
Convert -1090 (base 13) to base 15.
-a44
Convert 12020 (base 4) to base 12.
288
What is 1102 (base 5) in base 3?
12122
What is -1992 (base 16) in base 12?
-3956
-2067 (base 8) to base 10
-1079
Convert 1100111101100 (base 2) to base 5.
203021
What is 5236 (base 12) in base 7?
35103
1660 (base 9) to base 4
103311
1333121 (base 4) to base 14
2d85
What is -22311 (base 4) in base 11?
-580
4020 (base 7) to base 15
626
Convert 6340 (base 11) to base 12.
4a35
What is -72 (base 16) in base 15?
-79
-22002 (base 4) to base 3
-212210
What is -32002 (base 4) in base 11?
-747
1110101011000 (base 2) to base 12
4420
What is -123044 (base 7) in base 4?
-11202032
What is -1011111100 (base 2) in base 8?
-1374
Convert -14a (base 12) to base 7.
-406
What is 1373 (base 9) in base 8?
2016
What is 200 (base 7) in base 2?
1100010
Convert 364 (base 12) to base 15.
23d
What is -1531 (base 14) in base 2?
-111010110111
What is 157 (base 8) in base 6?
303
What is 3055 (base 6) in base 8?
1253
-2a13 (base 12) to base 8
-11457
What is -1323215 (base 6) in base 2?
-10001111001011011
Convert d7 (base 15) to base 7.
406
What is 110000010 (base 2) in base 3?
112022
18517 (base 10) to base 9
27354
6485 (base 9) to base 14
1a51
What is 1102220 (base 3) in base 16?
41a
Convert -10984 (base 14) to base 12.
-1b3a0
-83 (base 15) to base 3
-11120
Convert -19c2 (base 13) to base 12.
-22b0
421 (base 5) to base 13
87
Convert 2211420 (base 5) to base 16.
95d8
-22222303 (base 4) to base 13
-16b76
Convert 5ba (base 12) to base 13.
514
-12112110 (base 3) to base 7
-14523
-24241 (base 5) to base 4
-130131
Convert -4412 (base 5) to base 6.
-2451
1192 (base 10) to base 6
5304
What is 212211102 (base 3) in base 15?
5232
-6b79 (base 14) to base 5
-1044402
-2758 (base 10) to base 9
-3704
7010 (base 9) to base 5
130422
4552 (base 10) to base 2
1000111001000
Convert -12011 (base 4) to base 5.
-3024
Convert 1201122 (base 4) to base 15.
1ca9
Convert -2100120 (base 3) to base 6.
-11540
What is 128a0 (base 13) in base 10?
34437
Convert -a5b (base 12) to base 15.
-6ab
526 (base 15) to base 7
3246
What is 82a7 (base 11) in base 14?
4023
50225 (base 9) to base 4
20003132
What is 417 (base 16) in base 15?
49c
844 (base 10) to base 9
1137
What is -12211013 (base 4) in base 11?
-19281
Convert 100002101 (base 3) to base 9.
10071
47b (base 12) to base 14
35d
Convert 2046 (base 8) to base 5.
13222
Convert 1c6 (base 16) to base 10.
454
Convert 10102101 (base 3) to base 4.
212332
Convert -12002101 (base 3) to base 16.
-e7d
What is -1111101011 (base 2) in base 5?
-13003
Convert -126 (base 10) to base 14.
-90
What is 481d (base 15) in base 2?
11101111100000
Convert 111122 (base 3) to base 12.
268
What is -1229 (base 10) in base 3?
-1200112
Convert -1012112 (base 4) to base 15.
-1502
